be s(1). Let l = g + -263. What is the greatest common factor of l and 84?
12
Let j = -24929 + 28053. Calculate the highest common divisor of j and 852.
284
Suppose 21*c - 4473 = 17*c - 5*d, -51618 = -46*c + 2*d. Calculate the highest common divisor of 2142 and c.
102
Suppose 22*h = 17*h - 400. Let w be (-62)/((1 - 0) + 82/h). Suppose -w = -0*l - 10*l. What is the highest common factor of 31 and l?
31
Suppose 32*v - 130*v = -48706. What is the highest common factor of 213 and v?
71
Suppose 21 = -0*u - u. Let b = 6 - u. Let d = 8147 - 8093. Calculate the greatest common factor of d and b.
27
Suppose 2*r = 3*u + 3721, -4*r + 10675 - 3244 = 5*u. Let s = -6 + 17. What is the highest common factor of s and r?
11
Let t = 3 - -8. Let z(w) = 2*w**3 - 267*w**2 + 118*w + 2270. Let n be z(133). Calculate the greatest common divisor of n and t.
11
Let q be 84/((-792)/90 - -9). What is the greatest common divisor of q and 4340?
140
Suppose -10*t + 298 - 278 = 0. Let y = -1 - -3. Suppose y*g = t*m + 50 - 8, 0 = -3*g + m + 63. Calculate the highest common divisor of 14 and g.
7
Let r(g) = g**3 + 8*g**2 + 7*g + 4. Let x be r(-7). Let y be (-6)/9*(-27)/(-45)*-10. Calculate the greatest common divisor of y and x.
4
Let b be 142/3*5/(-9 - (-2464)/273). What is the greatest common factor of b and 130?
130
Let s = -103 + -34. Let w = s - -152. Calculate the greatest common divisor of 25 and w.
5
Let x(f) = -f**2 + 3*f + 2. Let c be x(0). Suppose -3*b - 49 = -2*g + 54, -2*b = -c*g + 100. Calculate the greatest common divisor of 517 and g.
47
Suppose 3*q - 5905 = -5*i, -315*q - 9865 = -320*q - 5*i. Calculate the greatest common divisor of 210 and q.
30
Let r be (-2)/(-7) - (74952000/84)/(-36). Calculate the greatest common factor of r and 68.
34
Suppose -3*p + 130 = 22. Suppose -4*z + 5*w + 60 = 8*w, -5*z + 4*w + 106 = 0. Calculate the greatest common divisor of p and z.
18
Suppose 365 = n + 299. Calculate the highest common factor of n and 26.
2
Suppose 0 = -5*u + 17*u - 60. Let s(f) = 13*f**2 + f + 5. Let a be s(-2). Suppose -30 = -u*m + a. What is the greatest common factor of 85 and m?
17
Suppose 2*j + 3*j - 15 = 0. Suppose 69436 = 33*s + 11*s + 68424. What is the highest common divisor of j and s?
1
Let f(x) = 9*x**3 + 2*x**2 + 55*x - 162. Let w be f(5). Calculate the highest common factor of 1449 and w.
161
Let p = -1371 + 1452. Calculate the greatest common divisor of 24 and p.
3
Let u(t) = 39*t. Let m be u(1). Let x = 319 + -316. Calculate the highest common divisor of x and m.
3
Let l be ((-59278)/856)/((-2)/72). Calculate the greatest common divisor of l and 1385.
277
Let g(x) be the second derivative of x**4/12 + 3*x**3 + 50*x**2 + 45*x. Let b be g(-8). Calculate the highest common divisor of b and 180.
20
Suppose 71*m - 1584 = 28*m + 32*m. Calculate the greatest common divisor of m and 5832.
72
Suppose -1660 = -4*h - 2*o, -31*o + 1660 = 4*h - 33*o. Suppose h + 142 = 3*g - 5*j, -g - 2*j + 182 = 0. What is the greatest common factor of 138 and g?
46
Suppose -n - 54 = -4*m, -11*n - 12 = -9*n. Let f be 3 + 1/(-1) - 4 - -98. Calculate the greatest common factor of f and m.
12
Let d be (-1)/(86/22 + -4). Suppose -4*t + 9*t + 2*v - 17 = 0, -4*v + 16 = 4*t. Calculate the highest common divisor of d and t.
1
Let x(g) = -g**3 - 17*g**2 - 4*g - 25. Let l(r) = -3*r + 7. Let n be l(8). Let y be x(n). What is the greatest common divisor of y and 43?
43
Suppose 0*t - 5*t + 3*o + 77 = 0, 0 = -4*t + 3*o + 61. Let s(q) = q**2 - 24*q + 162. Let h be s(t). Calculate the greatest common divisor of h and 153.
17
Suppose 343 + 271 = 191*j + 116*j. Let i(x) = -x**3 - 2*x**2 + x + 4. Let u be i(-5). What is the greatest common factor of j and u?
2
Let l(q) = 4*q - 54. Let a be -2 + 10*(-30)/(-12). Let c be l(a). Calculate the greatest common divisor of c and 95.
19
Let w(f) = -f**3 - 15*f**2 + 53*f - 10. Let q = -127 + 109. Let i be w(q). What is the greatest common factor of 64 and i?
8
Suppose -3*f + 1844 + 2286 = 4*f. What is the greatest common factor of f and 1003?
59
Let p be (81 + -3)/((-3)/(-6)). What is the greatest common factor of 325 and p?
13
Let d(o) = -2*o**3 + 53*o**2 - 24*o - 24. Let w be d(26). Calculate the highest common factor of 5404 and w.
28
Let i = 25 + -42. Let t(a) = 1. Let l(m) = 3*m + 25. Let x(o) = -l(o) - 6*t(o). Let d be x(i). Calculate the greatest common factor of d and 4.
4
Let z = 30024 - 25872. What is the highest common factor of z and 132?
12
Let u(c) = -3*c**3 + 2*c**2 + 2*c + 3. Let n be u(-2). Let w = n - -6. Let f = -19 + w. What is the highest common divisor of f and 180?
18
Suppose 55*i - 57*i + 110 = 5*y, i - 52 = -2*y. Let t(z) = 0*z + 2*z + z - 8. Let u be t(6). What is the greatest common factor of u and i?
10
Suppose -2*s - 22 = -5*w, 2*w - w + 1 = -5*s. Suppose n + 4*l = 60, 51 = n - w*l - l. Suppose 4*q - 25 = 31. What is the greatest common divisor of n and q?
14
Let l = 4234 - 4210. What is the highest common divisor of l and 6972?
12
Suppose t + 0*m = -m + 736, 0 = -3*t + 2*m + 2203. Calculate the greatest common factor of 60 and t.
15
Let b(v) = 28*v + 7. Let w be b(-10). Let y be 136/(-14) - 1 - (-78)/w. Let d = y + 68. Calculate the highest common divisor of 38 and d.
19
Let z(w) = w**3 - 6*w**2 - 5*w + 30. Let t be z(6). Suppose k + 2*c - 8 = 0, t*k + 43 = 2*k - 5*c. Calculate the highest common divisor of 420 and k.
14
Suppose b + 118 = 2*n, 2*n - 4*b = -7*b + 126. Let i be n*(8/(-3))/(-2). What is the greatest common factor of 48 and i?
16
Let f be (152 - 5)/7*5. Suppose 8*p = 15*p - f. What is the highest common divisor of 255 and p?
15
Suppose 0 = 2*j - 0*l + 2*l - 688, -j + 338 = 4*l. Let b = j - 332. Calculate the greatest common factor of b and 16.
2
Let g be (6/5)/((-1)/(-5)*2). Let f be (-2 - -5)*-3*g/(-9). Suppose -4*c + f*t = -25, 2*c - t - 4*t = 23. What is the greatest common factor of c and 22?
2
Suppose -5*f - 4166 = -6*a, -4*a = 86*f - 91*f - 2774. What is the highest common divisor of a and 4002?
174
Let j = -1 - -10. Let y = -54 - -59. Suppose -10*k + y*k = 2*u - 22, -4*u = 4*k - 20. Calculate the greatest common divisor of j and u.
1
Suppose 0 = 2377*v - 2381*v + 4500. Calculate the greatest common divisor of v and 45.
45
Let v be 35/2 - (-8)/((-16)/(-3)). Let w(x) = 3*x - 51. Let m be w(v). Suppose 2*a + 580 = m*a. What is the greatest common divisor of 58 and a?
29
Let w be (-5097)/(-14) + 25/3500*-10. Calculate the greatest common divisor of w and 130.
26
Let o = 98 - -42. Let q = -6 + 9. Suppose 7*c - 2*c = 5, -l + 23 = q*c. What is the greatest common factor of l and o?
20
Suppose -5*b - 2*z + 4596 = 0, z = 3*z - 6. Suppose 6*i - b = -60. Calculate the greatest common factor of 13 and i.
13
Suppose 0 = w - i - 308 + 99, 2*w = -4*i + 412. Calculate the greatest common divisor of w and 299.
13
Suppose -11*v + 3471 - 3273 = 0. What is the greatest common factor of v and 282?
6
Suppose -3*v = 806 - 785. Let y(k) = -k**3 - 5*k**2 + 10*k + 15. Let h be y(v). Calculate the highest common divisor of 559 and h.
43
Let n = 5211 + 1637. Calculate the highest common divisor of n and 256.
64
Let v = 28 + -26. Let s be (8 - 4) + 0/v. Let o be 279/36 - 3/s. Calculate the highest common factor of 63 and o.
7
Let l(d) = -22*d + 2625. Let y be l(107). What is the greatest common factor of y and 1?
1
Suppose 5*q = 67 - 82. Let u be (-4)/48*q - (-1019)/4. Calculate the highest common divisor of u and 15.
15
Let i(r) = 2*r**3 + 88*r**2 + 60*r + 306. Let q be i(-40). Calculate the highest common factor of 106 and q.
106
Suppose 5*l - 56 = 44. Let d(b) = 11 + 7*b - 16 + 5*b**2 - 11. Let r be d(3). What is the greatest common divisor of r and l?
10
Let h = 129 + -121. Let s be (h - (0 + 2))*(-208)/(-6). Calculate the greatest common factor of s and 16.
16
Let a be (1 + -2)*((-80)/10 - 161). Suppose 0 = -167*q + a*q - 20. Calculate the greatest common factor of 70 and q.
10
Let c(q) = 0*q - 3*q - 5*q. Let r be c(-4). Let v = 471 + -375. Calculate the highest common factor of v and r.
32
Let r(d) = -d + 20. Let w be r(0). Let f(i) = -558*i + 566. Let a be f(1). Calculate the highest common factor of w and a.
4
Let t be 18/3 - (-108 + -3). Suppose -3*c + 66 = 3*k, -k - 68 = c - 5*c. What is the greatest common factor o